c + 2768. Is y(39) a composite number?
True
Let w(b) = -32237*b + 5306. Is w(-33) prime?
True
Suppose -2250 = -19*d + 14*d + 5*w, 0 = -d + 3*w + 440. Is (d/(-52) + 6)/(2/(-5528)) composite?
True
Suppose 0 = 4*q + 5*o - 578196, -6*q = 9*q - o - 2168393. Is q a composite number?
True
Let v(j) = j**2 + 3*j - 5. Let g(r) be the first derivative of r**3 + 4*r**2 - 16*r - 13. Let c(z) = 4*g(z) - 11*v(z). Is c(-14) a composite number?
True
Let z = 511285 - 260196. Is z composite?
True
Let x(m) = 268*m**2 - 29*m - 630. Is x(31) a composite number?
False
Suppose -47*w + 48*w = n - 54955, 0 = -n - 4*w + 54945. Is n composite?
True
Let b = -131732 + 271159. Is b a composite number?
True
Let g(y) = 677*y**3 - 6*y**2 - 11*y - 4. Let t be g(-2). Is (-5)/((-5)/5*(-2)/t) a composite number?
True
Let z(o) = 314*o + 3. Let g = -61 + 68. Suppose 5*p - 24 = -g*p. Is z(p) prime?
True
Suppose 3*y + 3*n = 358635, -3*n - 211096 - 27964 = -2*y. Is y a composite number?
True
Suppose 17*v - 126061 = 14308. Is v a composite number?
True
Let p be 1 + (-3 + 3)/(-3) - 3. Let f be 5/p*(-6 - -4). Let q = f - -444. Is q composite?
False
Let t = -67 - -71. Suppose 0 = 4*v + 5*w - 13363, 4*v = t*w + w + 13413. Is v prime?
True
Let i = -94864 + 148095. Is i a composite number?
False
Let q(d) be the first derivative of 17*d**6/120 + d**5/12 - 5*d**4/24 + 9*d**3 - 9. Let g(w) be the third derivative of q(w). Is g(10) prime?
False
Let u(j) = 2*j**3 + 2*j**2 - 4. Let k(l) = 2*l**3 + 9*l**2 - 15. Let p(h) = -k(h) + 3*u(h). Suppose 8 = -0*b + 2*b. Is p(b) a composite number?
False
Let h(a) be the third derivative of -65*a**6/6 - a**5/10 - 3*a**4/8 - a**3/2 + a**2 - 4. Is h(-2) a composite number?
False
Let g = 305896 + -135015. Is g composite?
False
Suppose -28*t = 383556 + 74020. Let b = t - -48545. Is b prime?
True
Suppose u + 1227 = -5*s + 3436, 0 = -4*s - 3*u + 1754. Is s a prime number?
True
Let w(p) = -9*p**3 - 9*p**2 - 6*p + 299. Is w(-9) prime?
False
Suppose 5*f = -b + 227662, -35*b = -4*f - 39*b + 182120. Is f prime?
True
Is (24/9)/(1384/29613621) prime?
True
Suppose 4*d - 100 + 5 = -5*l, 97 = 4*l - d. Suppose -l*s = -34749 - 194722. Is s a prime number?
False
Let c(d) = 5*d**3 - 44*d**2 - 145*d + 637. Is c(41) a prime number?
True
Let w be 6/4 - 2 - 2/(-4). Suppose -6486 = -2*d - w*d + 4*p, 0 = 4*d - 2*p - 12996. Is d a prime number?
True
Let i be 1 + (-46)/(-3) - (-30)/(-90). Let m = i + -12. Suppose v - 3*w = 796 + 16, m*v - 3278 = 2*w. Is v a composite number?
False
Suppose 8 = -153*c + 152*c. Is (c/(-24) + (-2)/(-12))*42934 a composite number?
False
Let q(i) = 115 - 31 + 419*i + 135. Is q(6) prime?
False
Suppose 979*j - 4074014 = 965*j. Is j a composite number?
True
Suppose -4 - 8 = -4*a. Suppose -9 = -a*w, -2*g + 7*g = -4*w + 62192. Suppose -g = -3*r - r. Is r composite?
False
Let m = 11 - 14. Let z be m - (-7 + (-2)/(-2)). Suppose 2*b + b = 4*q - 7427, z*q - 4*b - 5579 = 0. Is q a prime number?
False
Let i(c) = c**2 - 6*c - 8. Let p be i(6). Let l(m) = 2*m**2 - 30*m + 7. Let z(o) = -7*o**2 + 123*o - 30. Let r(j) = 9*l(j) + 2*z(j). Is r(p) a composite number?
True
Suppose -18*z = 3*b - 21*z - 910599, -5*z + 607038 = 2*b. Is b prime?
True
Suppose 492 = 5*g - 2*g. Let u = g - -1155. Is u a composite number?
False
Let u(f) = 7*f + 14. Suppose 2*v + 15 = -2*v - 5*w, -v = -w - 3. Suppose 4*p - 11 - 1 = v. Is u(p) composite?
True
Let f be 21/((-315)/(-16698)) - 3/15. Let q = 2104 + f. Is q prime?
True
Suppose -2*x = -5*s + 90, -s - 5*x + 4*x = -25. Suppose 2*g = -3*d + s, -6*g = -2*g + 4*d - 32. Suppose -z - 777 = -g*z. Is z a composite number?
True
Is 2/(42/105) - 6*(-144896 + -3) a composite number?
False
Suppose -241589 = -13*b + 744. Suppose -11*w - 4*l + b = -10*w, 4*w + 2*l - 74550 = 0. Is w a composite number?
False
Let d(g) = 4701*g - 90. Let t be d(1). Suppose 1995 + t = 6*u. Is u a composite number?
True
Let j = -1 - -3. Suppose -5*u + 3194 = j*h - 2*u, -5*h - u = -7972. Is h prime?
False
Let c(u) = -99*u + 2. Let z be c(-8). Let b be (-2 - 1)/((-6)/z). Suppose 5*d + b = 1112. Is d composite?
True
Let m(p) = 5595*p + 8906. Is m(151) composite?
True
Let r = 219 - 206. Let q = 152 - r. Is q a composite number?
False
Suppose -10*z - 3*h = -9*z - 12103, 5*h = 3*z - 36281. Is z a prime number?
True
Let d(o) = 697*o + 7000. Is d(39) composite?
False
Let x(q) = -4*q + 6. Let y = 25 - 21. Suppose 4*d + 32 = -y*t, -3*d - 16 = -2*d + 3*t. Is x(d) composite?
True
Let j be ((-22)/(-6))/((-2)/1116). Let r(c) = -c**3 + 24*c**2 + 66*c + 31. Let l be r(18). Let i = j + l. Is i a composite number?
False
Let s = -29 + 50. Let j(o) = 8 + o**2 + 17 + s*o - 2. Is j(20) a prime number?
False
Suppose 70284 = 4*h + 4*w, w + 4*w - 35136 = -2*h. Suppose 3*a + 2*a = -o + 17549, -a - h = -o. Is o composite?
False
Suppose -3*v = -d - 11, 3*d + 21 = -2*v - 2*d. Suppose r + 5*x - 4431 = 0, -20*r + 24*r - 17760 = -v*x. Is r a prime number?
True
Let w(m) = 7*m**2 - 16*m - 19. Let x(s) be the third derivative of -s**5/60 + s**4/6 + 31*s**3/6 + 20*s**2. Let o be x(9). Is w(o) prime?
False
Suppose 3*u - 4 = -10. Is ((-10316)/(-6))/(u*(-2)/6) prime?
True
Let m(v) = 10*v**3 + 5*v**2 - 107*v + 779. Is m(8) a composite number?
True
Let i(c) = 82*c**2 - 3*c - 4. Let y(m) = m**3 + 1. Let z(h) = 5*h**3 - 5*h**2 + 3*h + 18. Let s(u) = -6*y(u) + z(u). Let q be s(-5). Is i(q) a prime number?
True
Suppose -4*h + 0*r + 39 = r, 2*r + 2 = 0. Suppose h = 5*d - 10*d. Is -39*(d + (-20)/24)*2 a composite number?
True
Let k(c) = 118557*c - 11179. Is k(6) prime?
False
Let p be (9 + -9)/(12/3). Suppose 0 = -2*r + 6 - 2, p = -2*q + 5*r + 968. Suppose -2282 = -11*d - q. Is d composite?
False
Let b(i) = -1311*i**3 + 21*i**2 + 14*i + 163. Is b(-8) a prime number?
False
Suppose -j - 20270 = -3*f, 0 = -97*f + 93*f - 2*j + 27030. Is f prime?
False
Suppose 2*g + 9 = -g, 2*g = 3*p - 18720. Suppose -p - 3852 = -2*b. Is b prime?
False
Suppose 22*m - 7*m = -17*m + 2723648. Is m composite?
True
Let t be (3 - 6/4)*8/(-3). Is 2874/t*(-12)/(6 + 0) a composite number?
True
Let o = 798 - 390. Let v(p) = 40*p - 5. Let l be v(-6). Let m = o + l. Is m composite?
False
Let y = -2617 - -9812. Is y a composite number?
True
Let o be (-2)/(-2) - (-5688 - 25/(-5)). Suppose p + 1222 = c - 1622, -2*c = 2*p - o. Is c a composite number?
False
Suppose -66*f + 57*f = -135333. Is f composite?
True
Let h(u) = u**3 + 5*u**2 + 6*u + 5. Let v be h(-3). Suppose s - 6*s + 5690 = v*x, -4549 = -4*s - 5*x. Let r = -467 + s. Is r a composite number?
True
Let g be (-204)/(-9)*(-156)/8. Let z be -2 + (1 - g - 1). Is (0 - -3)*1 + z/4 a prime number?
True
Suppose s = -6 + 8, -3*t - 5*s + 983401 = 0. Is t a prime number?
True
Is (11 - (-6524184)/16)*24/60 a prime number?
True
Let v(p) = 549*p**2 + 2*p - 13. Is v(-2) composite?
False
Let x = -189 - -194. Suppose 0 = -4*w - w + 5*a + 2715, x*a = w - 551. Is w a prime number?
True
Let t = -11896 - -47069. Is t a composite number?
True
Let j be ((-99662)/(-8) - 1/(-4))/2. Suppose j = 10*i - 36621. Is i prime?
False
Let a(w) = -64*w - 274. Let o be a(-37). Let d = 4015 + o. Is d composite?
True
Let w be ((-24)/5)/(2/(-5)). Suppose -16 = -7*x + w. Suppose 2*r - 773 = -q, -5*q + 3032 = -q - x*r. Is q composite?
True
Let d(b) = 388*b**3 - 10*b**2 + 110*b - 955. Is d(9) a composite number?
True
Suppose 191*r - 180*r = 70829. Is r a prime number?
False
Let f = -13 - -19. Suppose f*z - 749 = 7*z. Let m = 48 - z. Is m prime?
True
Let a(h) = 397*h**2 + 23*h - 152. Let c be a(32). Suppose -33*d + 61389 = -c. Is d prime?
True
Let s(w) = 1403*w - 77. Is s(20) prime?
True
Let q = 3159 + 1301. Suppose 4*o = 3*p - 23, 5*o + 9 = p - 6. Suppose 0 = p*y - y - q. Is y composite?
True
Let v(w) = -33*w + 6 - 26*w + 16*w. Is v(-11) composite?
False
Let p = -2788 + 3963. Let m = p - 760. Is m composite?
True
Let p(y) = -12214*y - 10627. Is p(-8) a prime number?
False
Suppose 217*u - 1089415 = 7127724. Is u composite?
True
Let g be 5*3/9 - 1/(-3). Suppose -4*k = k - 4*i - 6729, 5378 = 4*k + g*i. Let c = k - 954. Is c a prime number?
False
Let m(k) = -6*k**3 + 15*k**2 + 53*k + 83. Is m(-30) a composite number?
False
Is (-26)/8*(12/2 + -31273 + -1) a composite number?
True
Let o(g) = -751*g - 111. Let n(q) = -751*q - 112. Let i(b) = 6*n(b) - 7*